{"id":9,"date":"2011-11-14T08:06:03","date_gmt":"2011-11-14T08:06:03","guid":{"rendered":"http:\/\/nlki.hu\/?page_id=9"},"modified":"2025-10-15T09:14:57","modified_gmt":"2025-10-15T09:14:57","slug":"elerhetoseg","status":"publish","type":"page","link":"http:\/\/nlki.hu\/?page_id=9","title":{"rendered":"El\u00e9rhet\u0151s\u00e9g"},"content":{"rendered":"<h4><strong><br \/>\n<\/strong><strong style=\"font-size: 1.2em;\">Karcagi SZC Nagy L\u00e1szl\u00f3 Gimn\u00e1zium, Technikum \u00e9s Szakk\u00e9pz\u0151 Iskola<\/strong><\/h4>\n<p><strong>Honlap:<br \/>\n<\/strong><a href=\"http:\/\/www.nlkhs.hu\">http:\/\/www.nlkhs.hu<\/a><\/p>\n<p><strong>OM-azonos\u00edt\u00f3:&nbsp;203040<\/strong><\/p>\n<p><strong>T\u00e9rk\u00e9p:<\/strong><\/p>\n<p style=\"text-align: center;\"><a href=\"http:\/\/nlki.hu\/wp-content\/uploads\/2011\/11\/v.map_1.png\"><img loading=\"lazy\" decoding=\"async\" class=\"aligncenter size-medium wp-image-719\" title=\"v.map\" src=\"http:\/\/nlki.hu\/wp-content\/uploads\/2011\/11\/v.map_1-300x300.png\" alt=\"\" width=\"300\" height=\"300\" srcset=\"http:\/\/nlki.hu\/wp-content\/uploads\/2011\/11\/v.map_1-300x300.png 300w, http:\/\/nlki.hu\/wp-content\/uploads\/2011\/11\/v.map_1-150x150.png 150w, http:\/\/nlki.hu\/wp-content\/uploads\/2011\/11\/v.map_1.png 1000w\" sizes=\"auto, (max-width: 300px) 100vw, 300px\" \/><\/a><\/p>\n","protected":false},"excerpt":{"rendered":"<p>Karcagi SZC Nagy L\u00e1szl\u00f3 Gimn\u00e1zium, Technikum \u00e9s Szakk\u00e9pz\u0151 Iskola Honlap: http:\/\/www.nlkhs.hu OM-azonos\u00edt\u00f3:&nbsp;203040 T\u00e9rk\u00e9p:<\/p>\n","protected":false},"author":1,"featured_media":0,"parent":0,"menu_order":6,"comment_status":"closed","ping_status":"closed","template":"","meta":{"ngg_post_thumbnail":0,"footnotes":""},"class_list":["post-9","page","type-page","status-publish","hentry"],"_links":{"self":[{"href":"http:\/\/nlki.hu\/index.php?rest_route=\/wp\/v2\/pages\/9","targetHints":{"allow":["GET"]}}],"collection":[{"href":"http:\/\/nlki.hu\/index.php?rest_route=\/wp\/v2\/pages"}],"about":[{"href":"http:\/\/nlki.hu\/index.php?rest_route=\/wp\/v2\/types\/page"}],"author":[{"embeddable":true,"href":"http:\/\/nlki.hu\/index.php?rest_route=\/wp\/v2\/users\/1"}],"replies":[{"embeddable":true,"href":"http:\/\/nlki.hu\/index.php?rest_route=%2Fwp%2Fv2%2Fcomments&post=9"}],"version-history":[{"count":49,"href":"http:\/\/nlki.hu\/index.php?rest_route=\/wp\/v2\/pages\/9\/revisions"}],"predecessor-version":[{"id":15386,"href":"http:\/\/nlki.hu\/index.php?rest_route=\/wp\/v2\/pages\/9\/revisions\/15386"}],"wp:attachment":[{"href":"http:\/\/nlki.hu\/index.php?rest_route=%2Fwp%2Fv2%2Fmedia&parent=9"}],"curies":[{"name":"wp","href":"https:\/\/api.w.org\/{rel}","templated":true}]}}