{"id":5,"date":"2011-11-14T08:05:23","date_gmt":"2011-11-14T08:05:23","guid":{"rendered":"http:\/\/nlki.hu\/?page_id=5"},"modified":"2021-01-12T09:48:52","modified_gmt":"2021-01-12T09:48:52","slug":"bemutatkozas","status":"publish","type":"page","link":"http:\/\/nlki.hu\/?page_id=5","title":{"rendered":"K\u00f6sz\u00f6nt\u0151"},"content":{"rendered":"<h3 style=\"text-align: center;\"><strong>Igazgat\u00f3i k\u00f6sz\u00f6nt\u0151<img loading=\"lazy\" decoding=\"async\" class=\"alignright wp-image-12032 \" src=\"http:\/\/nlki.hu\/wp-content\/uploads\/2019\/01\/mferenc-201x300.jpg\" alt=\"\" width=\"125\" height=\"187\" srcset=\"http:\/\/nlki.hu\/wp-content\/uploads\/2019\/01\/mferenc-201x300.jpg 201w, http:\/\/nlki.hu\/wp-content\/uploads\/2019\/01\/mferenc-686x1024.jpg 686w, http:\/\/nlki.hu\/wp-content\/uploads\/2019\/01\/mferenc.jpg 791w\" sizes=\"auto, (max-width: 125px) 100vw, 125px\" \/><\/strong><\/h3>\n<p style=\"text-align: center;\"><em>\u201e\u00dagy gy\u00f6ny\u00f6rk\u00f6dj a fiatalokban, <\/em><br \/>\n<em>mint akik t\u00e9ged folytatnak majd. <\/em><br \/>\n<em>De ne a magad v\u00e1gyait, eml\u00e9keit \u00e1lmodd<\/em><br \/>\n<em>\u00fajra benn\u00fck: ne k\u00e9nyeztesd, ne \u00fcnnepeld, ne szidd, <\/em><br \/>\n<em>Ink\u00e1bb szeresd s \u00e9rdem\u00fck szerint becs\u00fcld meg \u0151ket\u2026\u201d<\/em><br \/>\n<em>(Keresztury Dezs\u0151)<\/em><\/p>\n<h3 style=\"text-align: center;\"><strong>Tisztelt L\u00e1togat\u00f3!<\/strong><\/h3>\n<h3 style=\"text-align: center;\"><strong>\u00dcdv\u00f6zl\u00f6m a Karcagi Szakk\u00e9pz\u00e9si Centrum Nagy L\u00e1szl\u00f3 Gimn\u00e1zium, Technikum \u00e9s Szakk\u00e9pz\u0151 Iskola tantest\u00fclete, dolgoz\u00f3i \u00e9s di\u00e1kjai nev\u00e9ben!<\/strong><\/h3>\n<p style=\"text-align: justify;\">Iskol\u00e1nk Kunhegyesen tal\u00e1lhat\u00f3, az Alf\u00f6ld k\u00f6zep\u00e9n, a Tisza-t\u00f3 \u00e9s a Hortob\u00e1gy k\u00f6zels\u00e9g\u00e9ben lev\u0151 v\u00e1rosban.<br \/>\nA telep\u00fcl\u00e9s a term\u00e9szeti \u00e9s \u00e9p\u00edtett \u00e9rt\u00e9kei mellett fontos t\u00e9rs\u00e9gi szerepet t\u00f6lt be a k\u00f6z\u00e9piskolai oktat\u00e1s-nevel\u00e9s, szakk\u00e9pz\u00e9s ter\u00e9n.<\/p>\n\n\t\t<style type=\"text\/css\">\n\t\t\t#gallery-1 {\n\t\t\t\tmargin: auto;\n\t\t\t}\n\t\t\t#gallery-1 .gallery-item {\n\t\t\t\tfloat: left;\n\t\t\t\tmargin-top: 10px;\n\t\t\t\ttext-align: center;\n\t\t\t\twidth: 33%;\n\t\t\t}\n\t\t\t#gallery-1 img {\n\t\t\t\tborder: 2px solid #cfcfcf;\n\t\t\t}\n\t\t\t#gallery-1 .gallery-caption {\n\t\t\t\tmargin-left: 0;\n\t\t\t}\n\t\t\t\/* see gallery_shortcode() in wp-includes\/media.php *\/\n\t\t<\/style>\n\t\t<div id='gallery-1' class='gallery galleryid-5 gallery-columns-3 gallery-size-thumbnail'><dl class='gallery-item'>\n\t\t\t<dt class='gallery-icon landscape'>\n\t\t\t\t<a href='http:\/\/nlki.hu\/?attachment_id=728'><img loading=\"lazy\" decoding=\"async\" width=\"150\" height=\"150\" src=\"http:\/\/nlki.hu\/wp-content\/uploads\/2011\/11\/Kunhegyes-sz\u00f6k\u0151k\u00fat-150x150.jpg\" class=\"attachment-thumbnail size-thumbnail\" alt=\"\" \/><\/a>\n\t\t\t<\/dt><\/dl><dl class='gallery-item'>\n\t\t\t<dt class='gallery-icon landscape'>\n\t\t\t\t<a href='http:\/\/nlki.hu\/?attachment_id=356'><img loading=\"lazy\" decoding=\"async\" width=\"150\" height=\"150\" src=\"http:\/\/nlki.hu\/wp-content\/uploads\/2011\/11\/Kunh.16-150x150.jpg\" class=\"attachment-thumbnail size-thumbnail\" alt=\"\" \/><\/a>\n\t\t\t<\/dt><\/dl><dl class='gallery-item'>\n\t\t\t<dt class='gallery-icon landscape'>\n\t\t\t\t<a href='http:\/\/nlki.hu\/?attachment_id=729'><img loading=\"lazy\" decoding=\"async\" width=\"150\" height=\"150\" src=\"http:\/\/nlki.hu\/wp-content\/uploads\/2011\/11\/Kunhegyes-v\u00e1rosh\u00e1za-150x150.jpg\" class=\"attachment-thumbnail size-thumbnail\" alt=\"\" \/><\/a>\n\t\t\t<\/dt><\/dl><br style=\"clear: both\" \/>\n\t\t<\/div>\n\n<p style=\"text-align: justify;\">K\u00e9t jogel\u0151d int\u00e9zm\u00e9ny\u00fcnk volt: a szakiskola 1961-t\u0151l, Mez\u0151gazdas\u00e1gi Technikum n\u00e9ven, a Gimn\u00e1zium pedig 1964-t\u0151l, amely 1989-ben felvette Nagy L\u00e1szl\u00f3 orsz\u00e1gos h\u00edr\u0171 pedag\u00f3gus, Kunhegyes v\u00e1ros sz\u00fcl\u00f6tte nev\u00e9t. A 2003-ban bek\u00f6vetkezett int\u00e9zm\u00e9ny\u00f6sszevon\u00e1s ut\u00e1n az ut\u00f3dint\u00e9zm\u00e9ny tov\u00e1bb viseli nev\u00e9t.<br \/>\nIskol\u00e1nk t\u00f6bbc\u00e9l\u00fa : v\u00e1rjuk az \u00e9retts\u00e9gire k\u00e9sz\u00fcl\u0151ket a gimn\u00e1ziumi, a szakm\u00e1t tanul\u00f3kat a technikumi \u00e9s szakiskolai k\u00e9pz\u00e9seinkkel, nappali \u00e9s esti munkarendben tanul\u00f3i, illetve feln\u0151ttk\u00e9pz\u00e9si jogviszonyban. Lehet\u0151s\u00e9g van fakult\u00e1ci\u00f3k keret\u00e9ben emelt szint\u0171 \u00e9retts\u00e9gire k\u00e9sz\u00fclni, p\u00e9nz\u00fcgyi \u00e9s katonai alapismereteket tanulni, k\u00fcl\u00f6nb\u00f6z\u0151 szakm\u00e1kat elsaj\u00e1t\u00edtani, \u00e9retts\u00e9gi ut\u00e1n OKJ-s szakmai v\u00e9gzetts\u00e9get szerezni.<br \/>\nMindezt megfelel\u0151 szakmai tud\u00e1ssal \u00e9s pedag\u00f3giai m\u00f3dszerrel rendelkez\u0151 tantest\u00fclet biztos\u00edtja.<\/p>\n<h3 style=\"text-align: justify;\"><strong>Ami\u00e9rt \u00e9rdemes iskol\u00e1nkat v\u00e1lasztani\u2026<\/strong><\/h3>\n<p style=\"text-align: justify;\">Jellemz\u0151 a csal\u00e1dias l\u00e9gk\u00f6r, a tanul\u00f3k probl\u00e9m\u00e1ira \u00e9rz\u00e9keny tantest\u00fclet, egy\u00e9ni k\u00e9pess\u00e9gek felt\u00e1r\u00e1sa \u00e9s kibontakoztat\u00e1sa, tehets\u00e9ggondoz\u00e1s, tov\u00e1bbtanul\u00e1sra felk\u00e9sz\u00edt\u00e9s, soksz\u00edn\u0171 szakmav\u00e1laszt\u00e9k, fejleszt\u0151 tev\u00e9kenys\u00e9g.<br \/>\nTanul\u00f3ink eredm\u00e9nyesen szerepelnek k\u00fcl\u00f6nb\u00f6z\u0151 versenyeken (OKTV, szakmai versenyek, p\u00e1ly\u00e1zatok).<br \/>\nKiemelt sportol\u00e1si lehet\u0151s\u00e9g van t\u00f6bb szak\u00e1gban: r\u00f6plabda, torna, labdar\u00fag\u00e1s, k\u00e9zilabda, gyeplabda, majorett. (2010-t\u0151l \u00faj \u00e9s korszer\u0171 tornaterm\u00fcnkben). A torna \u00e9s a r\u00f6plabda csapataink orsz\u00e1gos versenyeken kiemelked\u0151 eredm\u00e9nyeket \u00e9rnek el.<br \/>\nIskol\u00e1nk nagy hangs\u00falyt helyez a hagyom\u00e1ny\u00e1pol\u00e1sra. \u00c9vente megrendez\u00e9sre ker\u00fcl a kilencedikesek beilleszked\u00e9s\u00e9t seg\u00edt\u0151 G\u00f3lyah\u00e9t \u00e9s g\u00f3lyaavat\u00f3, az iskol\u00e1nk n\u00e9vad\u00f3j\u00e1nak eml\u00e9ke el\u0151tt tisztelg\u0151 Nagy L\u00e1szl\u00f3 Napok \u00e9s Nagy L\u00e1szl\u00f3 B\u00e1l. Legszebb rendezv\u00e9nyeink: a szalagavat\u00f3i \u00e9s ballag\u00e1si \u00fcnneps\u00e9g, a \u201ebolondballag\u00e1s\u201d.<br \/>\nIskol\u00e1nkban Di\u00e1k\u00f6nkorm\u00e1nyzat m\u0171k\u00f6dik, amely programjaival kieg\u00e9sz\u00edti \u00e9s sz\u00ednes\u00edti az iskolai rendezv\u00e9nyek sor\u00e1t.<br \/>\n\u00c9vek \u00f3ta sikeresen p\u00e1ly\u00e1zunk a h\u00e1tr\u00e1nyos helyzetben \u00e9l\u0151 di\u00e1kjaink sz\u00e1m\u00e1ra ki\u00edrt \u00datraval\u00f3 \u00d6szt\u00f6nd\u00edjprogramban az \u00dat a szakm\u00e1hoz \u00e9s \u00dat az \u00e9retts\u00e9gihez alprogramokban.<br \/>\nUgyancsak t\u00f6bb \u00e9ve sikeresen p\u00e1ly\u00e1zunk a hat\u00e1ron t\u00fali magyar lakta ter\u00fcleteken m\u0171k\u00f6d\u0151 iskol\u00e1kkal egy\u00fcttm\u0171k\u00f6dve, k\u00f6z\u00f6s programok szervez\u00e9s\u00e9re, t\u00f6bb napos kir\u00e1ndul\u00e1sokra. Erd\u00e9lyi, partiumi, felvid\u00e9ki iskol\u00e1k tanul\u00f3ival k\u00f6thetnek ismerets\u00e9get, bar\u00e1ts\u00e1got iskol\u00e1nk tanul\u00f3i.<br \/>\nEmellett a tantest\u00fclet \u00e9s iskol\u00e1nk dolgoz\u00f3i kir\u00e1ndul\u00e1saik alkalm\u00e1val irodalmi, t\u00f6rt\u00e9nelmi nevezetess\u00e9geket, v\u00e1rosokat tekintettek meg K\u00e1rp\u00e1talj\u00e1n, a Partiumban, Felvid\u00e9ken \u00e9s Erd\u00e9lyben (pl. Munk\u00e1cs, Ungv\u00e1r, Beregsz\u00e1sz, Huszt, Nagyszalonta, Nagyv\u00e1rad, Kolozsv\u00e1r).<br \/>\nIgyeksz\u00fcnk v\u00e1ltozatos programokat, lehet\u0151s\u00e9geket ny\u00fajtani tanul\u00f3inknak a szabad id\u0151 elt\u00f6lt\u00e9sben is (sportk\u00f6r\u00f6k, szakk\u00f6r\u00f6k, irodalmi sz\u00ednpad, vet\u00e9lked\u0151k, versenyek, p\u00e1ly\u00e1zatok, j\u00e1t\u00e9kok).<br \/>\nEgykori tan\u00edtv\u00e1nyaink az orsz\u00e1g, s\u0151t a vil\u00e1g k\u00fcl\u00f6nb\u00f6z\u0151 t\u00e1jain helyt\u00e1llnak a tudom\u00e1ny, a gazdas\u00e1g, az oktat\u00e1s \u00e9s a kult\u00fara ter\u00fcletein.<br \/>\n\u201eNagylacisnak\u201d lenni j\u00f3 -, a jelen tanul\u00f3inak v\u00e9lem\u00e9nye mellett ezt bizony\u00edtja, hogy az \u201e\u00f6reg-di\u00e1kok\u201d sz\u00edvesen visszaj\u00f6nnek hozz\u00e1nk.<\/p>\n<p style=\"text-align: right;\">Metzinger Ferenc<\/p>\n<p style=\"text-align: right;\">igazgat\u00f3<\/p>\n","protected":false},"excerpt":{"rendered":"<p>Igazgat\u00f3i k\u00f6sz\u00f6nt\u0151 \u201e\u00dagy gy\u00f6ny\u00f6rk\u00f6dj a fiatalokban, mint akik t\u00e9ged folytatnak majd. De ne a magad v\u00e1gyait, eml\u00e9keit \u00e1lmodd \u00fajra benn\u00fck: ne k\u00e9nyeztesd, ne \u00fcnnepeld, ne szidd, Ink\u00e1bb szeresd s \u00e9rdem\u00fck szerint becs\u00fcld meg \u0151ket\u2026\u201d (Keresztury Dezs\u0151) Tisztelt L\u00e1togat\u00f3! \u00dcdv\u00f6zl\u00f6m a Karcagi Szakk\u00e9pz\u00e9si Centrum Nagy L\u00e1szl\u00f3 Gimn\u00e1zium, Technikum \u00e9s Szakk\u00e9pz\u0151 Iskola tantest\u00fclete, dolgoz\u00f3i \u00e9s di\u00e1kjai nev\u00e9ben! [&hellip;]<\/p>\n","protected":false},"author":1,"featured_media":0,"parent":0,"menu_order":1,"comment_status":"closed","ping_status":"closed","template":"","meta":{"ngg_post_thumbnail":0,"footnotes":""},"class_list":["post-5","page","type-page","status-publish","hentry"],"_links":{"self":[{"href":"http:\/\/nlki.hu\/index.php?rest_route=\/wp\/v2\/pages\/5","targetHints":{"allow":["GET"]}}],"collection":[{"href":"http:\/\/nlki.hu\/index.php?rest_route=\/wp\/v2\/pages"}],"about":[{"href":"http:\/\/nlki.hu\/index.php?rest_route=\/wp\/v2\/types\/page"}],"author":[{"embeddable":true,"href":"http:\/\/nlki.hu\/index.php?rest_route=\/wp\/v2\/users\/1"}],"replies":[{"embeddable":true,"href":"http:\/\/nlki.hu\/index.php?rest_route=%2Fwp%2Fv2%2Fcomments&post=5"}],"version-history":[{"count":41,"href":"http:\/\/nlki.hu\/index.php?rest_route=\/wp\/v2\/pages\/5\/revisions"}],"predecessor-version":[{"id":14309,"href":"http:\/\/nlki.hu\/index.php?rest_route=\/wp\/v2\/pages\/5\/revisions\/14309"}],"wp:attachment":[{"href":"http:\/\/nlki.hu\/index.php?rest_route=%2Fwp%2Fv2%2Fmedia&parent=5"}],"curies":[{"name":"wp","href":"https:\/\/api.w.org\/{rel}","templated":true}]}}