{"id":11,"date":"2011-11-14T08:06:18","date_gmt":"2011-11-14T08:06:18","guid":{"rendered":"http:\/\/nlki.hu\/?page_id=11"},"modified":"2025-03-12T14:20:41","modified_gmt":"2025-03-12T14:20:41","slug":"dokumentumok","status":"publish","type":"page","link":"http:\/\/nlki.hu\/?page_id=11","title":{"rendered":"Dokumentumok"},"content":{"rendered":"<p>Alap\u00edt\u00f3 okirat<\/p>\n<p><a href=\"http:\/\/nlki.hu\/wp-content\/uploads\/2025\/03\/KSZCNagyLGTSZIHazirend20240830.pdf\">H\u00e1zirend<\/a><br \/>\n<a href=\"http:\/\/nlki.hu\/wp-content\/uploads\/2025\/03\/KSZCNagyLGTSZIMunkaterv20240830.pdf\">Munkaterv 2024\/2025. tan\u00e9v<\/a><br \/>\n<a href=\"http:\/\/nlki.hu\/wp-content\/uploads\/2025\/03\/KSZCNagyLGTSZISZMSZ20240830.pdf\">Szervezeti \u00e9s M\u0171k\u00f6d\u00e9si Szab\u00e1lyzat<\/a><br \/>\n<a href=\"http:\/\/nlki.hu\/wp-content\/uploads\/2025\/03\/KSZCNagyLGTSZISzakmaiProgram20240830.pdf\">Szakmai program (Nevel\u00e9si program, Oktat\u00e1si program, K\u00e9pz\u00e9si program)<\/a><br \/>\n<a href=\"http:\/\/nlki.hu\/wp-content\/uploads\/2011\/11\/Szab\u00e1lyzat-a-doh\u00e1nyz\u00e1si-tilalomr\u00f3l.pdf\">Szab\u00e1lyzat a doh\u00e1nyz\u00e1si tilalomr\u00f3l<\/a><br \/>\n<a href=\"http:\/\/nlki.hu\/wp-content\/uploads\/2011\/11\/imip.pdf\">Int\u00e9zm\u00e9nyi min\u0151s\u00e9gir\u00e1ny\u00edt\u00e1si program (IMIP)<\/a><br \/>\n<a href=\"http:\/\/nlki.hu\/wp-content\/uploads\/2011\/11\/K\u00f6nyvt\u00e1r-SZMSZ-2014.pdf\">K\u00f6nyvt\u00e1r SZMSZ 2014<\/a><br \/>\n<a href=\"http:\/\/nlki.hu\/wp-content\/uploads\/2011\/11\/Sz\u00fcl\u0151i-Munkak\u00f6z\u00f6ss\u00e9g-M\u0171k\u00f6d\u00e9si-Szab\u00e1lyzat.pdf\">Sz\u00fcl\u0151i Munkak\u00f6z\u00f6ss\u00e9g M\u0171k\u00f6d\u00e9si Szab\u00e1lyzata<\/a><br \/>\n<a href=\"http:\/\/nlki.hu\/wp-content\/uploads\/2018\/11\/A-tagint\u00e9zm\u00e9ny-nyitvatart\u00e1sa.pdf\">A tagint\u00e9zm\u00e9ny nyitvatart\u00e1sa<\/a><br \/>\n<a href=\"http:\/\/nlki.hu\/wp-content\/uploads\/2018\/11\/Szabadid\u0151s-foglalkoz\u00e1sok-k\u00f6re.pdf\">Szabadid\u0151s foglalkoz\u00e1sok k\u00f6re<\/a><br \/>\n<a href=\"http:\/\/nlki.hu\/wp-content\/uploads\/2019\/09\/tant\u00e1rgy-r\u00f6vid\u00edt\u00e9sek.pdf\">Tant\u00e1rgy r\u00f6vid\u00edt\u00e9sek<\/a><\/p>\n<p>&nbsp;<\/p>\n<p>&nbsp;<\/p>\n<h3>&nbsp;<\/h3>\n","protected":false},"excerpt":{"rendered":"<p>Alap\u00edt\u00f3 okirat H\u00e1zirend Munkaterv 2024\/2025. tan\u00e9v Szervezeti \u00e9s M\u0171k\u00f6d\u00e9si Szab\u00e1lyzat Szakmai program (Nevel\u00e9si program, Oktat\u00e1si program, K\u00e9pz\u00e9si program) Szab\u00e1lyzat a doh\u00e1nyz\u00e1si tilalomr\u00f3l Int\u00e9zm\u00e9nyi min\u0151s\u00e9gir\u00e1ny\u00edt\u00e1si program (IMIP) K\u00f6nyvt\u00e1r SZMSZ 2014 Sz\u00fcl\u0151i Munkak\u00f6z\u00f6ss\u00e9g M\u0171k\u00f6d\u00e9si Szab\u00e1lyzata A tagint\u00e9zm\u00e9ny nyitvatart\u00e1sa Szabadid\u0151s foglalkoz\u00e1sok k\u00f6re Tant\u00e1rgy r\u00f6vid\u00edt\u00e9sek &nbsp; &nbsp; &nbsp;<\/p>\n","protected":false},"author":1,"featured_media":0,"parent":0,"menu_order":5,"comment_status":"closed","ping_status":"closed","template":"","meta":{"ngg_post_thumbnail":0,"footnotes":""},"class_list":["post-11","page","type-page","status-publish","hentry"],"_links":{"self":[{"href":"http:\/\/nlki.hu\/index.php?rest_route=\/wp\/v2\/pages\/11","targetHints":{"allow":["GET"]}}],"collection":[{"href":"http:\/\/nlki.hu\/index.php?rest_route=\/wp\/v2\/pages"}],"about":[{"href":"http:\/\/nlki.hu\/index.php?rest_route=\/wp\/v2\/types\/page"}],"author":[{"embeddable":true,"href":"http:\/\/nlki.hu\/index.php?rest_route=\/wp\/v2\/users\/1"}],"replies":[{"embeddable":true,"href":"http:\/\/nlki.hu\/index.php?rest_route=%2Fwp%2Fv2%2Fcomments&post=11"}],"version-history":[{"count":127,"href":"http:\/\/nlki.hu\/index.php?rest_route=\/wp\/v2\/pages\/11\/revisions"}],"predecessor-version":[{"id":15303,"href":"http:\/\/nlki.hu\/index.php?rest_route=\/wp\/v2\/pages\/11\/revisions\/15303"}],"wp:attachment":[{"href":"http:\/\/nlki.hu\/index.php?rest_route=%2Fwp%2Fv2%2Fmedia&parent=11"}],"curies":[{"name":"wp","href":"https:\/\/api.w.org\/{rel}","templated":true}]}}